{"id":790,"date":"2020-03-12T15:25:20","date_gmt":"2020-03-12T14:25:20","guid":{"rendered":"https:\/\/www.p-i-c.ch\/?page_id=790"},"modified":"2020-03-12T16:13:50","modified_gmt":"2020-03-12T15:13:50","slug":"saal-verantwortliche","status":"publish","type":"page","link":"https:\/\/www.p-i-c.ch\/index.php\/saal-verantwortliche\/","title":{"rendered":"Saal-Verantwortliche"},"content":{"rendered":"\n<p>Du begleitest die Veranstler*innen w\u00e4hrend des ganzen Events. Du \u00fcbernimmst die Verantwortung und fungierst als Bindeglied zwischen den K\u00fcnstler*innen, dem Piccadilly Team und den Besucher*innen. <br>Diese Aufgabe ist erst ab 18 Jahren m\u00f6glich. Melde dich bei oliver.badr@p-i-c.ch<\/p>\n","protected":false},"excerpt":{"rendered":"<p>Du begleitest die Veranstler*innen w\u00e4hrend des ganzen Events. Du \u00fcbernimmst die Verantwortung und fungierst als Bindeglied zwischen den K\u00fcnstler*innen, dem Piccadilly Team und den Besucher*innen. Diese Aufgabe ist erst ab 18 Jahren m\u00f6glich. Melde dich bei oliver.badr@p-i-c.ch<\/p>\n","protected":false},"author":1,"featured_media":0,"parent":0,"menu_order":0,"comment_status":"closed","ping_status":"closed","template":"","meta":{"footnotes":""},"class_list":["post-790","page","type-page","status-publish","hentry"],"_links":{"self":[{"href":"https:\/\/www.p-i-c.ch\/index.php\/wp-json\/wp\/v2\/pages\/790","targetHints":{"allow":["GET"]}}],"collection":[{"href":"https:\/\/www.p-i-c.ch\/index.php\/wp-json\/wp\/v2\/pages"}],"about":[{"href":"https:\/\/www.p-i-c.ch\/index.php\/wp-json\/wp\/v2\/types\/page"}],"author":[{"embeddable":true,"href":"https:\/\/www.p-i-c.ch\/index.php\/wp-json\/wp\/v2\/users\/1"}],"replies":[{"embeddable":true,"href":"https:\/\/www.p-i-c.ch\/index.php\/wp-json\/wp\/v2\/comments?post=790"}],"version-history":[{"count":4,"href":"https:\/\/www.p-i-c.ch\/index.php\/wp-json\/wp\/v2\/pages\/790\/revisions"}],"predecessor-version":[{"id":825,"href":"https:\/\/www.p-i-c.ch\/index.php\/wp-json\/wp\/v2\/pages\/790\/revisions\/825"}],"wp:attachment":[{"href":"https:\/\/www.p-i-c.ch\/index.php\/wp-json\/wp\/v2\/media?parent=790"}],"curies":[{"name":"wp","href":"https:\/\/api.w.org\/{rel}","templated":true}]}}