{"id":72,"date":"2018-03-28T13:49:05","date_gmt":"2018-03-28T11:49:05","guid":{"rendered":"http:\/\/web121.login-124.hoststar.ch\/dev0\/?page_id=72"},"modified":"2026-02-26T14:23:49","modified_gmt":"2026-02-26T13:23:49","slug":"lauschallee-open-air","status":"publish","type":"page","link":"https:\/\/www.p-i-c.ch\/index.php\/lauschallee-open-air\/","title":{"rendered":"Lauschallee Open Air"},"content":{"rendered":"\n<h2 class=\"wp-block-heading\"><strong>Das Lauschi 2026 kommt bald!<\/strong><\/h2>\n\n\n\n<p><\/p>\n\n\n\n<p><\/p>\n\n\n\n<p><\/p>\n\n\n\n<hr class=\"wp-block-separator has-css-opacity\"\/>\n\n\n<h1>Lauschall\u00e9e \u2013 Open Air am Jugendfest<\/h1>\n<figure id=\"attachment_196\" aria-describedby=\"caption-attachment-196\" style=\"width: 240px\" class=\"wp-caption alignleft\"><img loading=\"lazy\" decoding=\"async\" class=\"wp-image-196\" src=\"http:\/\/www.p-i-c.ch\/wp-content\/uploads\/Hase-rund_0350px.png\" alt=\"Herr Lauscher\" width=\"240\" height=\"240\"><figcaption id=\"caption-attachment-196\" class=\"wp-caption-text\">Herr Lauscher ist unser Schirmherr und ziert das Logo.<\/figcaption><\/figure>\n<p>Das Lauschall\u00e9e ist unser kleines aber traditionsreiches Open Air. Von Jungen f\u00fcr Junge und solche, die es geblieben sind. Es ist unser j\u00e4hrlicher Beitrag an das Jugendfest in der letzten Schulwoche vor den Sommerferien.<\/p>\n<p>Ein Open Air, das nur durch Motivation, Engagement und Freiwilligkeit geschaffen wird. Es zieht jedes Jahr am Brugger Jugendfest ein breites Publikum an. Am Mittwoch und Donnerstag entwickelt sich das Open Air Lauschallee zu einem lokalen Treffpunkt zwischen Jugendkulturhaus Piccadilly und Salzhaus. Geboten wird eine einladende Bar, so wie ein abwechslungsreiches musikalisches Angebot auf der B\u00fchne. Das Ziel ist es, das Angebot des Jugendfestes zu bereichern und lokalen K\u00fcnstler\/innen eine B\u00fchne zu bieten. Fern von Mainstream und grossen Acts wollen wir zeigen, dass die lokale Musikszene existiert und ihre Daseinsberechtigung hat.<\/p>\n<p>Kurz gesagt ist das Open Air Lauschallee ein Anlass, der mittlerweile zur festen Jugendfest-Tradition geh\u00f6rt und generations\u00fcbergreifend die Menschen in Brugg verbindet.<\/p>\n<p><span lang=\"de-CH\">Die Macher sind ein junges, heterogenes Team. Sie verbindet das gemeinsame Interesse an Musik, das Jugendkulturhaus Piccadilly und die Stadt Brugg. <\/span><span lang=\"de-CH\">Sie sind Teil der Betriebsgruppe im Piccadilly.<\/span><\/p>","protected":false},"excerpt":{"rendered":"<p>Das Lauschi 2026 kommt bald! Lauschall\u00e9e \u2013 Open Air am Jugendfest Das Lauschall\u00e9e ist unser kleines aber traditionsreiches Open Air. Von Jungen f\u00fcr Junge und solche, die es geblieben sind. Es ist unser j\u00e4hrlicher Beitrag an das Jugendfest in der letzten Schulwoche vor den Sommerferien. Ein Open Air, das nur durch Motivation, Engagement und Freiwilligkeit &hellip; <\/p>\n<p class=\"link-more\"><a href=\"https:\/\/www.p-i-c.ch\/index.php\/lauschallee-open-air\/\" class=\"more-link\"><span class=\"screen-reader-text\">\u201eLauschallee Open Air\u201c<\/span> weiterlesen<\/a><\/p>\n","protected":false},"author":1,"featured_media":0,"parent":0,"menu_order":0,"comment_status":"closed","ping_status":"closed","template":"","meta":{"footnotes":""},"class_list":["post-72","page","type-page","status-publish","hentry"],"_links":{"self":[{"href":"https:\/\/www.p-i-c.ch\/index.php\/wp-json\/wp\/v2\/pages\/72","targetHints":{"allow":["GET"]}}],"collection":[{"href":"https:\/\/www.p-i-c.ch\/index.php\/wp-json\/wp\/v2\/pages"}],"about":[{"href":"https:\/\/www.p-i-c.ch\/index.php\/wp-json\/wp\/v2\/types\/page"}],"author":[{"embeddable":true,"href":"https:\/\/www.p-i-c.ch\/index.php\/wp-json\/wp\/v2\/users\/1"}],"replies":[{"embeddable":true,"href":"https:\/\/www.p-i-c.ch\/index.php\/wp-json\/wp\/v2\/comments?post=72"}],"version-history":[{"count":55,"href":"https:\/\/www.p-i-c.ch\/index.php\/wp-json\/wp\/v2\/pages\/72\/revisions"}],"predecessor-version":[{"id":2368,"href":"https:\/\/www.p-i-c.ch\/index.php\/wp-json\/wp\/v2\/pages\/72\/revisions\/2368"}],"wp:attachment":[{"href":"https:\/\/www.p-i-c.ch\/index.php\/wp-json\/wp\/v2\/media?parent=72"}],"curies":[{"name":"wp","href":"https:\/\/api.w.org\/{rel}","templated":true}]}}

<h2 class="wp-block-heading"><strong>Das Lauschi 2026 kommt bald!</strong></h2>



<p></p>



<p></p>



<p></p>



<hr class="wp-block-separator has-css-opacity"/>


<h1>Lauschallée – Open Air am Jugendfest</h1>
<figure id="attachment_196" aria-describedby="caption-attachment-196" style="width: 240px" class="wp-caption alignleft"><img loading="lazy" decoding="async" class="wp-image-196" src="http://www.p-i-c.ch/wp-content/uploads/Hase-rund_0350px.png" alt="Herr Lauscher" width="240" height="240"><figcaption id="caption-attachment-196" class="wp-caption-text">Herr Lauscher ist unser Schirmherr und ziert das Logo.</figcaption></figure>
<p>Das Lauschallée ist unser kleines aber traditionsreiches Open Air. Von Jungen für Junge und solche, die es geblieben sind. Es ist unser jährlicher Beitrag an das Jugendfest in der letzten Schulwoche vor den Sommerferien.</p>
<p>Ein Open Air, das nur durch Motivation, Engagement und Freiwilligkeit geschaffen wird. Es zieht jedes Jahr am Brugger Jugendfest ein breites Publikum an. Am Mittwoch und Donnerstag entwickelt sich das Open Air Lauschallee zu einem lokalen Treffpunkt zwischen Jugendkulturhaus Piccadilly und Salzhaus. Geboten wird eine einladende Bar, so wie ein abwechslungsreiches musikalisches Angebot auf der Bühne. Das Ziel ist es, das Angebot des Jugendfestes zu bereichern und lokalen Künstler/innen eine Bühne zu bieten. Fern von Mainstream und grossen Acts wollen wir zeigen, dass die lokale Musikszene existiert und ihre Daseinsberechtigung hat.</p>
<p>Kurz gesagt ist das Open Air Lauschallee ein Anlass, der mittlerweile zur festen Jugendfest-Tradition gehört und generationsübergreifend die Menschen in Brugg verbindet.</p>
<p><span lang="de-CH">Die Macher sind ein junges, heterogenes Team. Sie verbindet das gemeinsame Interesse an Musik, das Jugendkulturhaus Piccadilly und die Stadt Brugg. </span><span lang="de-CH">Sie sind Teil der Betriebsgruppe im Piccadilly.</span></p>

<p>Das Lauschi 2026 kommt bald! Lauschallée – Open Air am Jugendfest Das Lauschallée ist unser kleines aber traditionsreiches Open Air. Von Jungen für Junge und solche, die es geblieben sind. Es ist unser jährlicher Beitrag an das Jugendfest in der letzten Schulwoche vor den Sommerferien. Ein Open Air, das nur durch Motivation, Engagement und Freiwilligkeit &hellip; </p>
<p class="link-more"><a href="https://www.p-i-c.ch/index.php/lauschallee-open-air/" class="more-link"><span class="screen-reader-text">„Lauschallee Open Air“</span> weiterlesen</a></p>
